{"id":16,"date":"2016-09-18T15:33:13","date_gmt":"2016-09-18T13:33:13","guid":{"rendered":"http:\/\/ristorantedaangelo.de\/?page_id=16"},"modified":"2021-09-11T13:31:43","modified_gmt":"2021-09-11T11:31:43","slug":"catering","status":"publish","type":"page","link":"http:\/\/ristorantedaangelo.de\/index.php\/catering\/","title":{"rendered":"Catering"},"content":{"rendered":"<h2><span style=\"color: #a52815;\">Umfangreiches Angebot zu Ihren Feierlichkeiten<\/span><\/h2>\n<p>Wir organisieren f\u00fcr Sie Festlichkeiten aller Art.<br \/>\nIn unserem neu gestaltetem <strong>Nebenzimmer<\/strong> finden bis zu <strong>25-30 Personen<\/strong> Platz. In heller, mediterraner Atmosph\u00e4re bietet unser frisch renovierter Raum beste Rahmenbedingungen f\u00fcr eine tolle Feier. Durch den direkten Zugang zu unserer Gartenterrasse gelangen Sie bei sch\u00f6nem Wetter schnell ins Freie. Interesse? Sprechen Sie uns an!<br \/>\nSie bevorzugen eine Feier in heimischer Atmosph\u00e4re oder in einem anderen Ambiente, wir liefern unsere<strong> italienischen Spezialit\u00e4ten<\/strong> mit unserem <strong>Catering<\/strong> direkt zu Ihnen. Ganz gleich ob kalte oder warme Speisen, ob als <strong>Buffet<\/strong> oder <strong>mehrg\u00e4ngige Men\u00fcs<\/strong>, wir erf\u00fcllen Ihre W\u00fcnsche.<br \/>\nWir beraten Sie gerne pers\u00f6nlich bei der Auswahl unserer Speisen.<\/p>\n<div id=\"attachment_56\" style=\"width: 1010px\" class=\"wp-caption alignleft\"><img loading=\"lazy\" decoding=\"async\" aria-describedby=\"caption-attachment-56\" class=\"wp-image-56 size-full\" src=\"http:\/\/ristorantedaangelo.de\/wp-content\/uploads\/2016\/09\/beitragcateringnebenzimer.png\" alt=\"beitragcateringnebenzimer\" width=\"1000\" height=\"563\" srcset=\"http:\/\/ristorantedaangelo.de\/wp-content\/uploads\/2016\/09\/beitragcateringnebenzimer.png 1000w, http:\/\/ristorantedaangelo.de\/wp-content\/uploads\/2016\/09\/beitragcateringnebenzimer-300x169.png 300w, http:\/\/ristorantedaangelo.de\/wp-content\/uploads\/2016\/09\/beitragcateringnebenzimer-768x432.png 768w, http:\/\/ristorantedaangelo.de\/wp-content\/uploads\/2016\/09\/beitragcateringnebenzimer-676x381.png 676w\" sizes=\"auto, (max-width: 1000px) 100vw, 1000px\" \/><p id=\"caption-attachment-56\" class=\"wp-caption-text\">Neu gestaltetes Nebenzimmer mit Platz f\u00fcr bis zu 30 Personen<\/p><\/div>\n","protected":false},"excerpt":{"rendered":"<p>Umfangreiches Angebot zu Ihren Feierlichkeiten Wir organisieren f\u00fcr Sie Festlichkeiten aller Art. In unserem neu gestaltetem Nebenzimmer finden bis zu 25-30 Personen Platz. In heller, mediterraner Atmosph\u00e4re bietet unser frisch renovierter Raum beste Rahmenbedingungen f\u00fcr eine tolle Feier. Durch den direkten Zugang zu unserer Gartenterrasse gelangen Sie bei sch\u00f6nem Wetter schnell ins Freie. Interesse? Sprechen [&hellip;]<\/p>\n","protected":false},"author":1,"featured_media":0,"parent":0,"menu_order":3,"comment_status":"closed","ping_status":"closed","template":"template-fullwidth.php","meta":{"footnotes":""},"class_list":["post-16","page","type-page","status-publish","hentry","post-preview"],"_links":{"self":[{"href":"http:\/\/ristorantedaangelo.de\/index.php\/wp-json\/wp\/v2\/pages\/16","targetHints":{"allow":["GET"]}}],"collection":[{"href":"http:\/\/ristorantedaangelo.de\/index.php\/wp-json\/wp\/v2\/pages"}],"about":[{"href":"http:\/\/ristorantedaangelo.de\/index.php\/wp-json\/wp\/v2\/types\/page"}],"author":[{"embeddable":true,"href":"http:\/\/ristorantedaangelo.de\/index.php\/wp-json\/wp\/v2\/users\/1"}],"replies":[{"embeddable":true,"href":"http:\/\/ristorantedaangelo.de\/index.php\/wp-json\/wp\/v2\/comments?post=16"}],"version-history":[{"count":6,"href":"http:\/\/ristorantedaangelo.de\/index.php\/wp-json\/wp\/v2\/pages\/16\/revisions"}],"predecessor-version":[{"id":378,"href":"http:\/\/ristorantedaangelo.de\/index.php\/wp-json\/wp\/v2\/pages\/16\/revisions\/378"}],"wp:attachment":[{"href":"http:\/\/ristorantedaangelo.de\/index.php\/wp-json\/wp\/v2\/media?parent=16"}],"curies":[{"name":"wp","href":"https:\/\/api.w.org\/{rel}","templated":true}]}}