{"id":12,"date":"2016-09-18T15:32:37","date_gmt":"2016-09-18T13:32:37","guid":{"rendered":"http:\/\/ristorantedaangelo.de\/?page_id=12"},"modified":"2021-09-11T13:30:36","modified_gmt":"2021-09-11T11:30:36","slug":"geschichte","status":"publish","type":"page","link":"http:\/\/ristorantedaangelo.de\/index.php\/geschichte\/","title":{"rendered":"Geschichte"},"content":{"rendered":"<h2><span style=\"color: #a52815;\"><strong>Ristorante Da Angelo \u2013 Familienbetrieb seit 1983<\/strong><\/span><\/h2>\n<p>Sehr verehrte G\u00e4ste, 1983 \u00f6ffneten sich die T\u00fcren unseres Ristorantes.<br \/>\nUnsere Eltern, Rosel und Angelo Vangelista setzten damals ihre lang \u00fcberlegte Idee in die Tat um und bewirtschafteten mit viel Hingabe und Erfolg dieses Haus. Nun liegt es in unserer Hand diese Tradition mit der gleichen Freude fortzuf\u00fchren. Wir sind stets bestrebt Ihnen ein St\u00fcck Italien im kulinarischen Sinne n\u00e4her zu bringen. Wir organisieren f\u00fcr unsere G\u00e4ste Festlichkeiten aller Art, wie z.B. Geburtstage, Weihnachtsfeiern, Hochzeiten, Kommunionen oder Konfirmationen. Bevorzugen Sie eine Feier in heimischer Atmosph\u00e4re liefern wir italienische Spezialit\u00e4ten mit unserem Catering direkt zu Ihnen nach Hause. Sprechen Sie uns an, wir beraten Sie gerne. Einen angenehmen Aufenthalt in unserem Ristorante Da Angelo w\u00fcnschen wir unseren G\u00e4sten und Freunden.<\/p>\n<p>Buon Appetito!<\/p>\n<p><img loading=\"lazy\" decoding=\"async\" class=\"alignleft wp-image-47 size-large\" src=\"http:\/\/ristorantedaangelo.de\/wp-content\/uploads\/2016\/09\/beitraggeschichtefamilie-993x1024.png\" alt=\"beitraggeschichtefamilie\" width=\"676\" height=\"697\" srcset=\"http:\/\/ristorantedaangelo.de\/wp-content\/uploads\/2016\/09\/beitraggeschichtefamilie-993x1024.png 993w, http:\/\/ristorantedaangelo.de\/wp-content\/uploads\/2016\/09\/beitraggeschichtefamilie-291x300.png 291w, http:\/\/ristorantedaangelo.de\/wp-content\/uploads\/2016\/09\/beitraggeschichtefamilie-768x792.png 768w, http:\/\/ristorantedaangelo.de\/wp-content\/uploads\/2016\/09\/beitraggeschichtefamilie-676x697.png 676w, http:\/\/ristorantedaangelo.de\/wp-content\/uploads\/2016\/09\/beitraggeschichtefamilie.png 1000w\" sizes=\"auto, (max-width: 676px) 100vw, 676px\" \/><\/p>\n","protected":false},"excerpt":{"rendered":"<p>Ristorante Da Angelo \u2013 Familienbetrieb seit 1983 Sehr verehrte G\u00e4ste, 1983 \u00f6ffneten sich die T\u00fcren unseres Ristorantes. Unsere Eltern, Rosel und Angelo Vangelista setzten damals ihre lang \u00fcberlegte Idee in die Tat um und bewirtschafteten mit viel Hingabe und Erfolg dieses Haus. Nun liegt es in unserer Hand diese Tradition mit der gleichen Freude fortzuf\u00fchren. [&hellip;]<\/p>\n","protected":false},"author":1,"featured_media":0,"parent":0,"menu_order":1,"comment_status":"closed","ping_status":"closed","template":"template-fullwidth.php","meta":{"footnotes":""},"class_list":["post-12","page","type-page","status-publish","hentry","post-preview"],"_links":{"self":[{"href":"http:\/\/ristorantedaangelo.de\/index.php\/wp-json\/wp\/v2\/pages\/12","targetHints":{"allow":["GET"]}}],"collection":[{"href":"http:\/\/ristorantedaangelo.de\/index.php\/wp-json\/wp\/v2\/pages"}],"about":[{"href":"http:\/\/ristorantedaangelo.de\/index.php\/wp-json\/wp\/v2\/types\/page"}],"author":[{"embeddable":true,"href":"http:\/\/ristorantedaangelo.de\/index.php\/wp-json\/wp\/v2\/users\/1"}],"replies":[{"embeddable":true,"href":"http:\/\/ristorantedaangelo.de\/index.php\/wp-json\/wp\/v2\/comments?post=12"}],"version-history":[{"count":5,"href":"http:\/\/ristorantedaangelo.de\/index.php\/wp-json\/wp\/v2\/pages\/12\/revisions"}],"predecessor-version":[{"id":376,"href":"http:\/\/ristorantedaangelo.de\/index.php\/wp-json\/wp\/v2\/pages\/12\/revisions\/376"}],"wp:attachment":[{"href":"http:\/\/ristorantedaangelo.de\/index.php\/wp-json\/wp\/v2\/media?parent=12"}],"curies":[{"name":"wp","href":"https:\/\/api.w.org\/{rel}","templated":true}]}}